. What are the prime factors of p?
5, 47
Let w = -998 + -862. Let v = 3329 - 3353. List the prime factors of 3/2 + w/v.
79
Suppose -5*g = -2*g - 9. Suppose -5*m + g - 43 = 0. Let t(n) = n**3 + 10*n**2 + 13*n + 20. What are the prime factors of t(m)?
2, 11
Let j = -1423 + 5351. What are the prime factors of j?
2, 491
Let r(b) = -32*b**3 - 1 - 5*b**2 - 265*b + 266*b + 22. What are the prime factors of r(-4)?
5, 397
Let p = 10410 + -1462. List the prime factors of p.
2, 2237
Let p be ((-3)/6)/(2/(-852)*3). Suppose -3*c - p = -254. Suppose 14 + c = 5*y. List the prime factors of y.
3, 5
Suppose 25*w - 217616 = 40959. List the prime factors of w.
10343
Let j(x) = 68*x**3 + 8*x**2 - x - 30. List the prime factors of j(5).
5, 1733
Let h(b) = -712*b**3 - 5*b**2 - 11*b - 9. List the prime factors of h(-2).
5689
Let v be -3 - (-1 - 3/((-6)/(-10))). Let h(j) = 41*j + 6. Let t be h(v). Suppose 0 = -2*x + 59 + t. What are the prime factors of x?
2, 47
Let t be ((-3)/(-9))/(5235/1746 - 3). Let m = 403 + t. List the prime factors of m.
11, 19
Let o = -21151 - -23676. List the prime factors of o.
5, 101
Let p = -27 - -33. Suppose -p = 3*o - 0*o, -3*y + 54 = -3*o. Let g(c) = c**3 - 16*c**2 + 16*c + 33. List the prime factors of g(y).
17
Let f(y) = -y**2 - 3*y + 4. Let p be f(-4). Suppose 0 = -3*u - p*u + 3*c - 51, 4*u + 58 = 2*c. Let l = 80 - u. What are the prime factors of l?
2, 23
Suppose 194794*b = 194814*b - 1359680. What are the prime factors of b?
2, 7, 607
Let l(h) = -h**2 - 8*h. Let f be l(-8). Suppose -4*d - 2*d = f. Suppose -714 = -6*c - d*c. List the prime factors of c.
7, 17
Let n(f) = 2*f**3 + 11*f**2 - 3*f - 35. Let b be n(-5). Suppose 1528 = b*k - 312. List the prime factors of k.
2, 23
Let b = 74 - 26. Let g(y) = 27*y - 2557. Let a be g(93). Let o = a + b. List the prime factors of o.
2
Let q be -358*(16/(-40))/(4/(-5)). Let g = 492 + q. What are the prime factors of g?
313
Let k = -12418 + 26296. List the prime factors of k.
2, 3, 257
Suppose -2*p + 165 = 2*p + 3*l, 25 = p + 4*l. Let o = p + -45. Suppose o = -3*m - 4*d + 576, 0 = 3*m - 0*m - 5*d - 549. List the prime factors of m.
2, 47
Suppose 131295 = 159*t - 144*t. List the prime factors of t.
8753
Let c(x) = 29 + 4*x + 6 - 15*x + 4*x**2. List the prime factors of c(11).
2, 199
What are the prime factors of -1*225928*(-47)/188?
2, 31, 911
Let k(z) = 186*z**2 - 57*z - 25. List the prime factors of k(-15).
2, 5, 11, 97
Let b(u) = u**3 - u - 5. Let m be b(-4). Let v = 280 - 83. Let l = m + v. List the prime factors of l.
2, 3, 11
Let q = -81 - -92. Suppose -q*k = -2*k - 3816. What are the prime factors of k?
2, 53
Let f = 99028 - 59758. What are the prime factors of f?
2, 3, 5, 7, 11, 17
Let w = -116 - -220. List the prime factors of (51/6 - 1)*w/3.
2, 5, 13
What are the prime factors of (-24)/(-22) - 1 - 39006600/(-660)?
7, 8443
Suppose 85647 = 6*n - 27231. What are the prime factors of n?
3, 6271
Suppose -404 = -4*w - 4*c - 88, -4*w + 3*c = -288. Let b = -59 + w. Suppose -b*v + 15*v = -26. What are the prime factors of v?
2, 13
Suppose -62*u + 61*u - h + 878 = 0, 2*h = 12. What are the prime factors of u?
2, 109
Suppose -2*r = -w + 5*w - 516, 4*r = -2*w + 1038. Suppose 7*i = -1835 + r. List the prime factors of i/(-18)*6/1.
3, 5
Suppose 130 = 19*y + 7*y. Suppose 5*i = 6*i - 22. Suppose 0 = -y*z + i + 988. What are the prime factors of z?
2, 101
Suppose -54753 = -2*n + 5*h, -41*n + 44*n = 5*h + 82127. List the prime factors of n.
2, 13687
Let s be (-2)/(-15) + 29357/(-465). Let j = s + 286. List the prime factors of j.
223
Let d(f) = 280*f - 2. Let c be d(1). Suppose c = 4*r - w, 2*r - 128 = w - 6*w. Suppose -5*z = -3*u + 242, r = -u + 2*u - 4*z. List the prime factors of u.
89
Let d(c) = -c**3 - 51*c**2 - 104*c - 88. Let y be d(-49). Suppose -3*o - o = -16. Suppose 0*p + 3*p - 4*z = y, 0 = -z + o. List the prime factors of p.
2, 37
Suppose 0 = -3*i + 2*n - 7*n, -2*n = i. Suppose i = s + s + 238. Let v = s - -127. List the prime factors of v.
2
Let r = 147 - 21. Let g = 173 - 263. Let z = g + r. List the prime factors of z.
2, 3
Let f = 29 - 16. Let v be (-4)/(-10) + (-752)/(-470). Suppose 0 = -2*c + 5*w + f, v*w - 6 = -3*c + c. List the prime factors of c.
2
Let a = -1850 + 2961. List the prime factors of a.
11, 101
List the prime factors of -1 + 24 - 14061684/(-316).
2, 113, 197
Let b(x) = 60*x**2 - 8*x - 17. Let o be b(-2). Let y = 257 - o. List the prime factors of y.
2, 3
Suppose -47*h + 48*h = 5. What are the prime factors of (-2)/(2/(-761 - h))?
2, 383
Suppose -8*x + 36 = x. Let m(n) = 3 + 2*n**2 + 4*n - 7*n**2 - 13*n + x*n**3 - 5*n**3. List the prime factors of m(-6).
3, 31
Let x be (-14)/(-21) + 2/(-3). Suppose 5*w - 806 + 226 = x. Suppose -3*o = 4*v + o - w, -29 = -v - 4*o. List the prime factors of v.
29
Let h = 4914 + -3786. List the prime factors of h.
2, 3, 47
Let h = 25 + -23. Let r(o) = -h*o + 7 + 19 + 18*o - 9*o. List the prime factors of r(5).
61
Let a be (78/30)/(2/10). Suppose a*t = -6*t + 741. List the prime factors of t.
3, 13
Let f(z) = 5097*z**3 - 4*z**2 + 8*z - 5. List the prime factors of f(1).
2, 7, 13
Let n(a) = 428*a**2 + 498*a - 7045. What are the prime factors of n(14)?
5, 16763
Suppose -10*j - 368 = -9*j. Let c = -42 - j. Let y = c - 157. List the prime factors of y.
13
Let o(p) = 3*p**3 + p**2 - 3*p - 62. Let r be o(-7). Let j = 652 - r. List the prime factors of j.
7, 239
Suppose -3*p - 5 - 10 = 0, -4*p = -2*a - 628. Let u = a - -796. What are the prime factors of u?
2, 59
Suppose -5*s = -803 - 257. Suppose 2*w + 93 = w. Let h = s + w. List the prime factors of h.
7, 17
Let o(t) = -t**3 + 10*t**2 + 5*t - 18. Let c be o(9). Suppose -9*m + c = -5*m. Suppose 28*u = m*u + 16. List the prime factors of u.
2
Suppose -3*q - 2*t + 884 = 0, 4*q + 11*t - 1181 = 6*t. Let m = q - 254. What are the prime factors of m?
2, 5
Let h = -37562 + 113945. What are the prime factors of h?
3, 23, 41
Let g be ((2 - 76)/(-2))/((-6)/(-84)). What are the prime factors of g - ((-8)/2)/(7 + -5)?
2, 5, 13
Let h = -117 + -121. Let w = 56 - h. List the prime factors of w.
2, 3, 7
Let s(c) = -5*c**2 + 8*c + 1. Let u(l) = 3*l**2 - 4*l - 1. Let f(j) = -2*s(j) - 5*u(j). Let t be f(-1). What are the prime factors of 214/t*-6 - -3?
7, 31
Let j be -4 - (-10 + (2 - -8)). Let f(y) = -y**2 - 1. Let o(g) = g**2 + 10*g + 8. Let r(t) = -2*f(t) - o(t). What are the prime factors of r(j)?
2, 5
Suppose 2*q - 5*v + 7 = 0, 2*q + 7*v = 5*v. Let r(i) be the first derivative of -93*i**2 - 3*i + 4. What are the prime factors of r(q)?
3, 61
Let b be (-1)/((21/(-9))/7). Suppose l - b*a + 2 = -0, -3*l = -5*a - 2. Suppose 2*q - 203 = -5*j, 4*j = l*q - 490 + 154. List the prime factors of q.
89
Suppose 15*w - 10*w - 20 = 0. Suppose -z - z = -w. Suppose 5*f = z + 13. List the prime factors of f.
3
Suppose 3*u + 72609 - 226290 = -5*s, -61443 = -2*s + 3*u. What are the prime factors of s?
2, 3, 13, 197
Suppose -12*c - 3*s = -15*c + 19443, c - 5*s - 6489 = 0. What are the prime factors of c?
11, 19, 31
Let q = -1177 + 2167. Suppose -q = -o + 67. List the prime factors of o.
7, 151
Suppose h = 5*j - 167, -3*h - 4*j - j - 481 = 0. Suppose -2*x = -2*s - 0*x - 250, -2*x - 597 = 5*s. Let u = s - h. List the prime factors of u.
41
Let w be -31 + 24 + (-12)/(-2). What are the prime factors of 12/(72/6) + 356 + w?
2, 89
Let m be (2*1)/(-21 + 13 + 6). Let x(c) = 4 + 97*c**2 - 3 + 59*c**2 + 142*c**2. List the prime factors of x(m).
13, 23
Let k = 37 + 8. Let a = -38 + k. Suppose a*f + 2*f - 756 = 0. List the prime factors of f.
2, 3, 7
Let l(j) = -j**2 - 12*j - 32. Let o be l(-5). List the prime factors of (-1*2/o)/(6/(-1881)).
11, 19
Let m(b) = b**2 - b. Let o(q) = -7*q**2 - 11. Let k(c) = -6*m(c) - o(c). Let t be k(-5). Suppose j = t*j - 350. What are the prime factors of j?
2, 5, 7
Suppose 539*x = 551*x - 150480. List the prime factors of x.
2, 3, 5, 11, 19
Let v(t) = -t**3 - 6*t**2 + 25. Let n be v(-6). Suppose n*c - 34*c = -5103. What are the prime factors of c?
3, 7
Let b = 31 + -24. Suppose -2*p = b*p - 5769. List the prime factors of p.
641
List the prime factors of 3/4*3 + (-4364750)/(-680).
6421
Suppose -3167*v - 3*m - 45878 = -3168*v, -137585 = -3*v + 2*m. List the prime factors of v.
7, 6551
Suppose 23*g + 19*g -